 v = 16 + -13. Let d be (-23 - -5)/(v/(-10)). Calculate the greatest common divisor of 12 and d.
12
Suppose 147 = 3*b - 0*k + 3*k, b = 4*k + 29. Calculate the greatest common divisor of 30 and b.
15
Suppose -3*n + 9*o = 4*o - 71, -2*o + 4 = 0. What is the greatest common divisor of n and 1431?
27
Let b be (-3)/2*(-7344)/162. What is the greatest common factor of 51 and b?
17
Suppose 16*j - 1529 = -1113. Calculate the highest common divisor of j and 962.
26
Suppose 4*b - 3*r = 2*r + 98, 0 = 5*r + 10. Let d = 112 + -68. What is the greatest common divisor of b and d?
22
Suppose 280*i = 281*i - 60. Calculate the highest common factor of i and 900.
60
Let j(m) = -m**2 + 13*m - 37. Let v be j(8). What is the greatest common divisor of v and 2?
1
Suppose 12 = -b + 5*b. Let c = b + 11. What is the greatest common factor of c and 35?
7
Let q = 322 - 302. What is the greatest common factor of q and 35?
5
Let u(o) = 35*o. Let b be u(3). What is the greatest common divisor of b and 560?
35
Suppose 5*c = -o - 22, 2*c = 4*o - 2*c - 8. Let a = o - -3. Calculate the highest common factor of a and 1.
1
Let s(f) = -f**2 + 52*f - 137. Let o be s(49). What is the highest common factor of o and 360?
10
Let l = -25 - -31. Suppose -9 = -5*o + l. Suppose b - 6 = -5*c, o*b - 19 = -3*c - 1. What is the greatest common factor of b and 15?
3
Let o(h) = h**3 + 12*h**2 + 11*h + 9. Let u be o(-11). Let w be (-14)/(-4)*(-3 + u). Suppose -2*f = 2*f - 12. What is the greatest common factor of f and w?
3
Let o = 35 + -21. Let m(b) = 97*b**2 + 171*b - 170. Let q be m(1). Calculate the highest common divisor of q and o.
14
Let d = 44 + -29. Let a be -1*3 - (5 + -411). Suppose -a - 587 = -6*h. What is the highest common factor of h and d?
15
Suppose -z + 663 = 2*z. Let v be 2/17 + 1963/z. Suppose 263 = 3*d + 5*l, 0 = -4*d - 0*d - 5*l + 344. What is the highest common divisor of d and v?
9
Let q be (-189)/(-2)*(-2)/(-3). What is the highest common factor of q and 153?
9
Let b = 51 - 49. Suppose -b*s + 19 = -3*n, -5*s = -s - 2*n - 42. Let h(g) = g**3 - g + 55. Let f be h(0). Calculate the highest common divisor of s and f.
11
Let l be (-2)/7 - ((-2600)/35)/1. Suppose 28*g = 27*g + l. What is the greatest common factor of 111 and g?
37
Let f = -48 - -45. Let c be f/(12/8 - 3). What is the highest common divisor of 30 and c?
2
Suppose 3*b - 5*g = 92, 3*b - 128 = -b + 4*g. Let o = -27 + b. Calculate the highest common divisor of o and 28.
7
Let n(c) = 25*c - 19. Let d be n(7). Suppose 5*z - 193 = g, -4*z + 4*g - 71 = -219. What is the highest common divisor of z and d?
39
Let c = 3 + -2. Let q(h) = -h + 3. Let s be q(c). Suppose -11*n - 17 = -127. Calculate the highest common divisor of s and n.
2
Suppose -20*p - 5*r = -21*p + 27, 3*r = 4*p - 23. Let w(y) = 3*y**2 + 4*y - 5. Let g be w(-4). Let c = g - 9. Calculate the greatest common factor of p and c.
2
Suppose 2*l + 9*h - 6*h - 100 = 0, 4*h = 5*l - 227. Calculate the highest common factor of 188 and l.
47
Let s = 3529 + -2894. What is the highest common divisor of s and 15?
5
Suppose 4*r = -0*r + 32. Suppose -24*v + 37 + 59 = 0. Suppose -t - 4*m + v = 0, 4*m + 10 = t - 26. What is the highest common factor of r and t?
4
Let n = 107 + -111. Let q(i) = i**3 + 9 + 7*i + 0*i**2 + i**2 + 5*i**2. Let g be q(n). Calculate the highest common divisor of g and 39.
13
Let h = 28 - 22. Suppose -3*y + h = -18. Suppose 0 = -3*a + 52 + 20. Calculate the highest common divisor of y and a.
8
Let g(b) = 6*b - 1. Let r be g(3). Suppose -101 = -5*y - 4*k, 2*y + k = 2*k + 30. Calculate the greatest common factor of r and y.
17
Suppose -26*a + 204 = -30*a. Let g be (-618)/(-51) - (-6)/a. What is the greatest common factor of 30 and g?
6
Let w(x) = -6*x**2 + 17*x**2 + 1404*x - 18 - 1399*x. Let l be w(3). Calculate the highest common factor of 48 and l.
48
Let t = 52 + -34. Let b be 0 + 2 - (-1)/(-1). Let m be 4/2*(b - -5). What is the highest common divisor of t and m?
6
Let v be ((-4)/(-8))/((-2)/(-88)). Let z = 435 - 413. Calculate the greatest common divisor of z and v.
22
Let o = -626 + 2327. Suppose -6*p - o = -13*p. Calculate the greatest common factor of p and 27.
27
Let v(a) = 27*a**2 + 2*a + 1. Let f be v(-1). Calculate the highest common divisor of 130 and f.
26
Let q = -460 - -492. What is the greatest common divisor of q and 224?
32
Suppose -8988 = -13*u + 489. What is the greatest common factor of 27 and u?
27
Suppose -308 = -2*i - 5*i. What is the highest common factor of 33 and i?
11
Let b(c) = 27*c - 3. Let h = -20 - -22. Let u be b(h). Suppose -4 = -5*a + u. Calculate the greatest common divisor of 44 and a.
11
Let d = 169 - 97. Suppose 5*a + 95 = -5*c, 2*a = -c - 1 - 19. Let t be (c + -2)*1*8/(-20). Calculate the highest common factor of d and t.
8
Let i = 220 - 157. What is the highest common factor of 1071 and i?
63
Let x be -6*45/54*-4. Calculate the highest common factor of x and 1270.
10
Suppose -f + 0 = -5. Let r be (-16 - -5)/(-2 + 1 + 0). Suppose -r*h = -19*h + 16. Calculate the greatest common factor of f and h.
1
Suppose -2*f - 3*z = 8, z = 5*f + 8 + 12. Let p be 84*((-4)/f - 0). What is the greatest common factor of p and 12?
12
Let w(s) = 21*s**2 + 24*s - 15. Let x be w(-3). What is the greatest common factor of x and 8?
2
Let z be -4 - (4 + -13) - (-186 - -2). What is the highest common factor of 54 and z?
27
Let h = 9 + -4. Suppose -827*b + 385 = -816*b. What is the greatest common factor of h and b?
5
Let j(n) = -2*n + 13. Suppose -22*w + 23*w + 4 = 0. Let t be j(w). Calculate the highest common divisor of t and 3.
3
Let h be -1 + 180 - (38 + -27). What is the highest common divisor of h and 72?
24
Suppose 87 + 1 = 4*y. Let k(l) = l**2 - 6*l + 4. Let w be k(6). Suppose -w*m + 208 = 4*n, -3*n + m + 237 = 69. Calculate the greatest common factor of n and y.
11
Let m = -1518 - -1635. Calculate the highest common factor of 63 and m.
9
Let n be 204*((-1)/2)/(48/(-96)). What is the greatest common divisor of 867 and n?
51
Suppose -26 + 16 = -4*m + 3*h, -16 = -5*m + 2*h. What is the greatest common factor of 92 and m?
4
Let v = 89 - 127. Let b = v + 93. Suppose q - 3*q = 4*t - 6, -3*q + 2*t = -17. What is the greatest common factor of q and b?
5
Suppose 0 = 4*f + 5*q - 22, 5*f + 5*q + 2 = 4*f. What is the highest common factor of 1304 and f?
8
Suppose 2*t = 3*t - 8. Suppose t*y - 12*y + 16 = 0. Let j = 13 + -9. What is the greatest common factor of y and j?
4
Let u = 7 + -4. Suppose -5*o - 20 = 5*m - 130, 2*o - 66 = -3*m. Suppose u = 3*p, m - 83 = -4*w - p. What is the greatest common factor of 3 and w?
3
Suppose 0*b + b = 2*n + 1, -n + 5 = 5*b. Let u = 1 - n. Suppose 3*t - 2*g - u = -3, -4*g = 5*t - 26. What is the highest common divisor of t and 14?
2
Suppose -1 = -3*k + 14. Suppose 0 = 4*m - 6*i + i - 140, k*i = -m + 10. Let c be (-6)/8 + (-1411)/(-68). What is the greatest common divisor of c and m?
10
Suppose -5*a - 210 = -3*j, 0 = -5*j + 8*j - a - 210. Let n = -19 + 47. What is the greatest common divisor of n and j?
14
Let c(z) = -z**2 - 3*z + 14. Let t be c(-6). Let d be 7 + 1 + (t - -7). What is the greatest common divisor of d and 121?
11
Let u be (2 + -6)*(-2 + 6). Let p be (-86)/(-8) + (-4)/u. What is the highest common divisor of 33 and p?
11
Suppose -62*q + 38*q + 216 = 0. What is the highest common divisor of 333 and q?
9
Suppose 2*f + 5 = 3*f. Suppose -4*g + 11 = -f. Let v = g + 5. What is the greatest common factor of 72 and v?
9
Let f(r) = r**3 + 17*r**2 - r - 16. Let g be f(-17). Let c be (-1 + 0 + 11)*g. Calculate the highest common divisor of c and 2.
2
Let l(f) = 2*f - 21. Let q be l(14). Suppose 61 = 2*b - b. Suppose -z + b + 2 = 0. What is the greatest common divisor of q and z?
7
Suppose 61*v + 15488 = 77*v. What is the greatest common factor of 11 and v?
11
Let c be 4*(-5)/(-30) + (-1562)/(-6). Calculate the greatest common factor of c and 45.
9
Let a be 166/4 - (75/(-10))/(-3). Calculate the greatest common factor of 351 and a.
39
Let x be 2/(-9) - (-692)/36. Let y be 17 - x - 18/(-2). Calculate the greatest common factor of 49 and y.
7
Let p be 3/1 + (-3 - 0). Let h be (-3)/(p + -6)*20. Suppose x - h = -4. What is the greatest common divisor of x and 9?
3
Suppose -145 - 103 = -2*u. Suppose i + u 